b) - h(b). What is t(4)?
-18
Let d(r) = -r**3 - 5*r**2 - 5*r - 6. Let i = -5 - 6. Let u = -15 - i. Calculate d(u).
-2
Let k = 527 - 514. Let s(b) = -b + 7. Calculate s(k).
-6
Suppose -3*a - 3 + 15 = 0. Let o(f) = -4*f**3 - 6*f**2 - f**3 + 4*f**3 - 8 - a*f. Suppose -32 = 14*m + 60 - 8. Calculate o(m).
16
Let m be 15 + (-17 - -9) - -3. Let i(o) = -o + 8. Calculate i(m).
-2
Let h(w) = -3*w - 4. Let n = 859 + -853. Give h(n).
-22
Let w be (-230)/(-30) + 4/(-6). Let i(b) = -b + 12. Let s be i(w). Suppose 4*h = s*h + 6. Let q(m) = -m**3 - 5*m**2 + 8*m + 6. Determine q(h).
-6
Let f(q) = q**2 - 8*q - 13. Let v be f(10). Let c(l) = l**3 - 5*l**2 - 9*l + 8. What is c(v)?
43
Let h be (-1)/(2/(-4)) - -4. Let x = 67 + -66. Let q(l) = -462*l - 4 + x + 463*l. Determine q(h).
3
Let w(a) be the second derivative of 1/12*a**4 + 1/2*a**3 + 0 - 1/2*a**2 + 3*a. Let v(g) = g**2 - 8*g - 5. Let m be v(8). Determine w(m).
9
Let f(d) = d**2 + d + 1. Let y be (-22)/5 + 4/(-60)*9. Let l(s) = -6*s**2 - 14*s + 5. Let r(a) = y*f(a) - l(a). Give r(-7).
-24
Let t(l) = 9*l - 5. Let m(c) = -26*c + 1. Let x(u) = 3*u. Let o(k) = -3*m(k) - 24*x(k). Let i(s) = -7*o(s) + 5*t(s). Determine i(-3).
-13
Let f(l) = l**3 + 5*l**2 + 3*l - 3. Let k be 2/(-5) - (-628)/20. Let m = k + -34. What is f(m)?
6
Let a(f) = 8*f + 70. Let p be a(-10). Let o(s) = -s**3 - 9*s**2 + 9*s - 10. Calculate o(p).
0
Let z be 1 + 0 + -3 + 5. Let m be (z - (2 + 3)) + 3. Let j(v) = -4*v**2 - v + 3. Let u(o) = o**2 + 1. Let y(q) = -j(q) + 2*u(q). What is y(m)?
6
Let d(c) = -c**2 + 5*c - 3. Let z be d(3). Suppose z*o + 2 = 5. Let s(l) = -6*l**3 + l - 1. Calculate s(o).
-6
Suppose -26 = -3*d - 11. Suppose 0 = -d*l - 2*q - 26, -3*l + 5*q + 19 = -4*l. Let z(t) = 6*t - 9. Let j(s) = s - 1. Let r(v) = -5*j(v) + z(v). Give r(l).
-8
Let z(h) = -h**2 + 8*h - 8. Let l be z(0). Let c(b) be the first derivative of b**4/4 + 7*b**3/3 - 7*b**2/2 + b - 3. Calculate c(l).
-7
Suppose -4*c - 3*q = 0, 4*c + 9 - 1 = -5*q. Let b(g) = g + 8 - c + 1. Determine b(-6).
0
Let i be ((-4)/(-12))/(1/3). Let k(u) = 2*u + 1. Let f be k(i). Let v(o) = 2*o + 3*o - f*o - 5*o - 2*o**2 + 4 + o**3. Determine v(3).
4
Let v be (-12)/(-6) + 0 + 3. Let j = -10 + 14. Suppose j*w = w + 5*d, 3*d + 34 = -v*w. Let r(k) = -k - 8. Give r(w).
-3
Let s(n) = 6*n - 5. Let l(i) = 2*i - 2. Let w be (6/24)/(4/48). Let k(u) = 5*u + 2. Let q be k(-2). Let d(z) = q*l(z) + w*s(z). Determine d(4).
9
Let o be 14/35 - 96/15. Let u(r) be the second derivative of r**4/12 + r**3 - 7*r**2/2 + 7*r. Determine u(o).
-7
Let d(l) be the third derivative of l**4/24 + 5*l**3/6 + 43*l**2 - 1. Let x(q) = -3*q**3 - q**2 - q + 1. Let v be x(1). Give d(v).
1
Let p(a) = -a**3 - a. Let v(b) = -b**2 - 12*b - 12. Let n be v(-11). Let t be p(n). Let h(j) = -15*j + t + 20*j + 2. Determine h(-3).
-11
Let p(w) = w - 10. Let s be p(-7). Let f = s - -14. Let c(h) = -h**2 - 4*h - 1. What is c(f)?
2
Let v(t) = t - 4. Let l = 279 - 275. What is v(l)?
0
Let s(v) = -v - 3 - 10 + 10. Determine s(-4).
1
Let w(i) be the third derivative of -5*i**4/24 + 3*i**3/2 - 116*i**2 - 3. Give w(7).
-26
Let n(b) = 2*b**2 - 12*b**3 + 4*b + 1 - 6*b - b**3. Let i(d) = -d**2 - d + 1. Let x(p) = p + 8. Let c be x(-8). Let k be i(c). What is n(k)?
-12
Let m = -1 + 21. Let o = m + 0. Suppose 0 = -3*f - f + o. Let s(c) = c**2 - 5*c + 5. Determine s(f).
5
Let t(h) be the first derivative of -h**4/4 - 4*h**3/3 - h**2 - 2*h + 136. Let z be ((-1)/(-1)*-3)/1. Calculate t(z).
-5
Let m(z) be the first derivative of -3*z**4/4 - 5*z**3/3 - z**2/2 + 3*z - 12. Let b(a) = -3*a**3 - 4*a**2 - a + 2. Let d(y) = -4*b(y) + 3*m(y). Give d(-1).
-2
Let k(r) = r - r + 4*r - 1. Let h be (3 - 105/28)/(2/(-8)). Suppose 5*n + 6 = -2*l + 6*l, 3*l - h = 3*n. Give k(n).
-9
Let k(l) = -2*l + 5. Suppose 3*r + 4*r = 14. Let o be (4 - 0) + (-1)/r*-6. Determine k(o).
-9
Let j(x) = -x**2 - 12*x - 22. Let o be j(-9). Suppose -o*g + 2*g = 12, -2*g = -3*h - 10. Let y(d) = -d + 3. What is y(h)?
9
Let q(z) = -22*z**2. Suppose -2*a + 4*a - 8 = 4*j, 2*j = 4*a - 10. What is q(j)?
-22
Let t(w) be the first derivative of -w**2 - 2*w - 1. Let p = 231 + -236. Give t(p).
8
Let z(g) = 3*g - 2*g + 2 - 3*g - 3*g. Let v(n) = 6*n - 2. Let d(f) = -6*v(f) - 7*z(f). Determine d(-3).
1
Let v(r) = -2*r - 2. Let d be (10 - 1)/((-3)/(-8)). Suppose u - 6*u - 2*l - d = 0, -4*l - 16 = 2*u. Calculate v(u).
6
Let t = -1 - -3. Let o(p) = 5*p + 3 + 20*p**3 - 9*p**3 + 4*p**t - 10*p**3. Suppose -9 = -0*s + 3*s. Calculate o(s).
-3
Let m(l) = 4*l - 72. Let k(f) = 5*f - 79. Let s(v) = -3*k(v) + 4*m(v). Give s(0).
-51
Let i(y) = y**3 - 28*y**2 - 31*y + 56. Let u be i(29). Let b(q) = -5*q - 4. Determine b(u).
6
Let o(v) = -7*v**3 + 5*v**2 - 2*v + 2. Let m(n) = -9*n**3 + 5*n**2 - n + 2. Let u(w) = -4*m(w) + 5*o(w). Give u(-6).
2
Let m(a) = -2*a**2 + 2*a + 2. Let x be m(-1). Let s be x/((-3)/(-9) + 0). Let k(f) = f. Let o(c) = -6*c + 5. Let l(b) = -5*k(b) - o(b). Determine l(s).
-11
Let u(k) be the second derivative of k**5/20 + k**4/3 - k**3/2 - 5*k**2/2 - 3*k - 6. Give u(-5).
-15
Let w(c) be the second derivative of c**5/20 + 7*c**4/12 + 2*c**3/3 - 5*c**2/2 + 67*c - 2. Let y be (-60)/9 - (-4)/6. Calculate w(y).
7
Suppose f - 5 = -3*g, 0*f - 5*g + 9 = 2*f. Let u(v) be the third derivative of v**6/120 - v**5/30 - v**4/8 + v**3/2 - 2*v**2. Give u(f).
-3
Let c(g) = -g**2 + 12*g - 13. Let v = -292 - -303. Calculate c(v).
-2
Let j(q) = 2*q + 7. Suppose 22*w - 56 + 122 = 0. What is j(w)?
1
Let t(z) = -3*z**2 - 6*z - 7. Let q(u) = -4*u**2 - 7*u - 8. Let d(y) = -4*q(y) + 5*t(y). Determine d(4).
5
Let g(l) = -26*l - 1 + 9*l + 18*l. What is g(-8)?
-9
Let s(r) = 6*r - 1. Let k(x) = 6*x**3 + 4*x**2 + 10*x + 41. Let l(f) = f**3 + f**2 + 2*f + 8. Let m(q) = 2*k(q) - 11*l(q). Let p be m(4). Calculate s(p).
11
Let a(q) be the third derivative of q**6/120 - q**5/5 - 7*q**4/12 + 11*q**3/6 - 367*q**2 - 2*q. What is a(13)?
-2
Let k(s) = 12*s + 6 - 24*s + 16*s - s. Calculate k(7).
27
Let a(s) be the second derivative of 0*s**3 - 1/2*s**2 - 2/5*s**5 + 0 - 7*s + 1/12*s**4. What is a(-1)?
8
Let r(j) be the second derivative of j**5/20 + j**4/6 - 2*j**3/3 + j**2/2 - 10*j. Let s(g) = -g**3 - 2*g**2 + 4*g. Let t be s(-3). Calculate r(t).
4
Let z(j) = -j**2 + 3*j + 4. Let l be ((-4)/6)/(6/36). What is z(l)?
-24
Let k(t) = -t**3 + 3*t**2 - 4*t + 4. Suppose -7 = -d + 2*u, -4*d - 3*u + 2 = -4. What is k(d)?
-8
Suppose -3*k - 28 = -5*g, 2*k + 23 = 5*g - 4. Let c(z) = -z + 9. Calculate c(g).
4
Let l(p) be the second derivative of 5*p**3/6 + 21*p**2/2 + 63*p + 2. Calculate l(-4).
1
Suppose 0 = -2*b - m + 4*m, 4*b + 3*m = 0. Let y = 5 - 6. Let q(f) = 5. Let s(k) = k - 1. Let i(z) = y*q(z) - s(z). Determine i(b).
-4
Let n(d) be the first derivative of -d**4/2 + d**3 + d**2 - d - 184. Calculate n(-2).
23
Let b(f) be the second derivative of -f**7/1260 - f**6/144 - f**5/40 - 7*f**4/6 - 26*f. Let u(k) be the third derivative of b(k). Give u(-3).
-6
Let f = 18 - -6. Let s = 22 - f. Let r(p) be the third derivative of p**4/8 + p**3/2 + 5*p**2. Give r(s).
-3
Let m(s) = -s - 19. Suppose 60*h + 252 = 42*h. What is m(h)?
-5
Let m = -1339 + 1345. Let k(c) = -c**2 + 4*c - 14. What is k(m)?
-26
Let a be (36/(-10))/(8/60). Let t = 30 + a. Let n(g) = 8*g - 3. What is n(t)?
21
Let z be 14/(-3) + 1/(-3). Let x(v) = 2*v + 4. Let o(u) = u + 2. Suppose -6 = 5*w - 4*s, 2*w + 2*s - 16 + 4 = 0. Let t(a) = w*x(a) + z*o(a). Calculate t(-3).
1
Let v(x) = x**2 + 4*x - 3. Let z be 3/(-6)*-1*2. Let h be (z + 1)*(-28)/8. Let l = -5 - h. Determine v(l).
9
Let j be (2 - 12/9)*3. Let n(r) = 3 + 5*r**j + 2*r - 4*r**2 - 3. Let t(s) = s**2 + 7*s + 6. Let i be t(-5). Determine n(i).
8
Let r(z) = z**2 + 10*z + 1. Let u be r(-10). Let s be 8/u*(-3)/(-6). Let c(l) be the second derivative of -l**5/20 + l**4/4 + 5*l**3/6 - l**2 - 6*l. Give c(s).
2
Let v(m) = 5*m**3 + 2*m**2 - 2*m + 8. Let z(g) = 6*g**3 + 2*g**2 - 2*g + 10. Let w(l) = 5*v(l) - 4*z(l). What is w(3)?
39
Let k(q) = 3*q**3 + 20*q**2 + 7*q - 1. Let i(v) = 24*v - 1 + 0 + 13*v**2 + 3*v**3 - v**3 - 19*v. Let d(x) = 7*i(x) - 5*k(x). Give d(-9).
-2
Let z(i) be the third derivative of -i**4/24 - 11*i**2. Let p = -169 + 169. Give z(p).
0
Suppose -u + 5*u + 48 = 0. Let r = u + 15. Suppose -r = 5*h + 7. Let m(x) = 2*x**